3?
39
Calculate the remainder when 12385 is divided by 117.
100
Calculate the remainder when 27366 is divided by 599.
411
Calculate the remainder when 413104 is divided by 77.
76
Calculate the remainder when 56825 is divided by 6313.
8
Calculate the remainder when 5594 is divided by 1371.
110
Calculate the remainder when 24638 is divided by 18.
14
Calculate the remainder when 28180 is divided by 61.
59
What is the remainder when 77600 is divided by 77?
61
Calculate the remainder when 4228 is divided by 2095.
38
What is the remainder when 4340 is divided by 14?
0
What is the remainder when 85805 is divided by 765?
125
Calculate the remainder when 98394 is divided by 2236.
10
What is the remainder when 41021 is divided by 539?
57
Calculate the remainder when 6030 is divided by 2010.
0
Calculate the remainder when 7274 is divided by 1512.
1226
What is the remainder when 13738 is divided by 162?
130
Calculate the remainder when 60206 is divided by 795.
581
Calculate the remainder when 7975 is divided by 59.
10
Calculate the remainder when 19906 is divided by 28.
26
What is the remainder when 589300 is divided by 196420?
40
Calculate the remainder when 6920 is divided by 1584.
584
Calculate the remainder when 4736 is divided by 776.
80
What is the remainder when 1790 is divided by 251?
33
Calculate the remainder when 2719 is divided by 623.
227
What is the remainder when 2861 is divided by 100?
61
Calculate the remainder when 189256 is divided by 346.
340
What is the remainder when 7723 is divided by 1016?
611
Calculate the remainder when 21849 is divided by 5401.
245
Calculate the remainder when 94484 is divided by 14.
12
Calculate the remainder when 1082 is divided by 104.
42
Calculate the remainder when 1175 is divided by 881.
294
What is the remainder when 70393 is divided by 100?
93
Calculate the remainder when 1955 is divided by 331.
300
What is the remainder when 2711 is divided by 539?
16
Calculate the remainder when 7711 is divided by 301.
186
What is the remainder when 9177 is divided by 2200?
377
Calculate the remainder when 80889 is divided by 128.
121
What is the remainder when 42632 is divided by 42626?
6
What is the remainder when 3465 is divided by 864?
9
What is the remainder when 5274 is divided by 1333?
1275
What is the remainder when 16766 is divided by 543?
476
What is the remainder when 7344 is divided by 115?
99
Calculate the remainder when 402 is divided by 133.
3
What is the remainder when 6740 is divided by 750?
740
What is the remainder when 98715 is divided by 20?
15
Calculate the remainder when 24063 is divided by 6.
3
Calculate the remainder when 804 is divided by 107.
55
Calculate the remainder when 140009 is divided by 625.
9
Calculate the remainder when 481948 is divided by 918.
916
Calculate the remainder when 49586 is divided by 4958.
6
What is the remainder when 141478 is divided by 1199?
1195
Calculate the remainder when 78489 is divided by 211.
208
What is the remainder when 38986 is divided by 33?
13
What is the remainder when 12705 is divided by 903?
63
Calculate the remainder when 75838 is divided by 426.
10
Calculate the remainder when 6557 is divided by 271.
53
What is the remainder when 151447 is divided by 18926?
39
Calculate the remainder when 9430 is divided by 449.
1
Calculate the remainder when 24437 is divided by 8.
5
Calculate the remainder when 81920 is divided by 1242.
1190
What is the remainder when 32626 is divided by 10875?
1
What is the remainder when 837 is divided by 104?
5
Calculate the remainder when 1872 is divided by 859.
154
What is the remainder when 33750 is divided by 154?
24
What is the remainder when 39069 is divided by 953?
949
What is the remainder when 3111 is divided by 282?
9
What is the remainder when 1958 is divided by 649?
11
Calculate the remainder when 7111 is divided by 37.
7
What is the remainder when 9005 is divided by 695?
665
What is the remainder when 296852 is divided by 23?
14
Calculate the remainder when 641 is divided by 545.
96
What is the remainder when 12319 is divided by 568?
391
Calculate the remainder when 13350 is divided by 4275.
525
Calculate the remainder when 26796 is divided by 933.
672
Calculate the remainder when 757689 is divided by 17.
16
Calculate the remainder when 1979 is divided by 722.
535
Calculate the remainder when 272049 is divided by 446.
435
What is the remainder when 1629503 is divided by 27?
26
What is the remainder when 7018 is divided by 631?
77
Calculate the remainder when 4463 is divided by 112.
95
Calculate the remainder when 105400 is divided by 3100.
0
What is the remainder when 583 is divided by 204?
175
What is the remainder when 2371 is divided by 125?
121
What is the remainder when 9639 is divided by 92?
71
Calculate the remainder when 1090 is divided by 1019.
71
Calculate the remainder when 22218 is divided by 332.
306
Calculate the remainder when 399 is divided by 108.
75
What is the remainder when 20374 is divided by 72?
70
Calculate the remainder when 199944 is divided by 1290.
1284
What is the remainder when 1887 is divided by 11?
6
What is the remainder when 1627 is divided by 10?
7
Calculate the remainder when 1789 is divided by 151.
128
What is the remainder when 32476 is divided by 224?
220
What is the remainder when 4116 is divided by 71?
69
What is the remainder when 22633 is divided by 198?
61
What is the remainder when 6772 is divided by 670?
72
What is the remainder when 134327 is divided by 190?
187
What is the remainder when 1182650 is divided by 2178?
2174
What is the remainder when 1797 is divided by 182?
159
Calculate the remainder when 103140 is divided by 5730.
0
What is the remainder when 1779 is divided by 175?
29
Calculate the remainder when 19433 is divided by 30.
23
Calculate the remainder when 50727 is divided by 936.
183
Calculate the remainder when 67712 is divided by 57.
53
Calculate the remainder when 424139 is divided by 951.
944
What is the remainder when 12680 is divided by 42?
38
What is the remainder when 13067 is divided by 6531?
5
What is the remainder when 16726 is divided by 7011?
2704
Calculate the remainder when 1297999 is divided by 29.
17
What is the remainder when 46815 is divided by 22?
21
Calculate the remainder when 24684 is divided by 2054.
36
Calculate the remainder when 2980821 is divided by 77.
74
Calculate the remainder when 5132 is divided by 1089.
776
What is the remainder when 1890 is divided by 340?
190
What is the remainder when 68583 is divided by 15?
3
What is the remainder when 1219 is divided by 492?
235
What is the remainder when 7312 is divided by 1826?
8
What is the remainder when 16816 is divided by 6?
4
Calculate the remainder when 8126 is divided by 174.
122
What is the remainder when 13111 is divided by 79?
76
What is the remainder when 337828 is divided by 5042?
14
What is the remainder when 3185 is divided by 465?
395
What is the remainder when 30971 is divided by 15484?
3
What is the remainder when 14993 is divided by 12?
5
Calculate the remainder when 6156 is divided by 22.
18
Calculate the remainder when 165451 is divided by 34.
7
Calculate the remainder when 2623 is divided by 271.
184
What is the remainder when 15854 is divided by 2258?
48
Calculate the remainder when 1570 is divided by 60.
10
What is the remainder when 32341 is divided by 2483?
62
Calculate the remainder when 2788 is divided by 19.
14
Calculate the remainder when 2230 is divided by 551.
26
Calculate the remainder when 18079 is divided by 1794.
139
Calculate the remainder when 1411 is divided by 281.
6
What is the remainder when 29758 is divided by 29?
4
Calculate the remainder when 731 is divided by 140.
31
What is the remainder when 292721 is divided by 17?
15
What is the remainder when 45274 is divided by 422?
120
Calculate the remainder when 2829 is divided by 497.
344
Calculate the remainder when 70496 is divided by 1160.
896
What is the remainder when 27877 is divided by 13932?
13
Calculate the remainder when 357982 is divided by 16.
14
What is the remainder when 711 is divided by 21?
18
Calculate the remainder when 40177 is divided by 10.
7
Calculate the remainder when 1440 is divided by 51.
12
What is the remainder when 13842 is divided by 39?
36
Calculate the remaind